3, what is 1102 + -2022111211?
-2022110102
In base 10, what is -31712 + -45?
-31757
In base 6, what is -3545140 + -3?
-3545143
In base 16, what is 44c1 + -6?
44bb
In base 10, what is 923 - -17?
940
In base 10, what is -912 + 2074?
1162
In base 8, what is 5766 + -4?
5762
In base 10, what is 9843 + -71?
9772
In base 5, what is 0 - 124342?
-124342
In base 8, what is 24076 - -24?
24122
In base 11, what is 0 - 421510?
-421510
In base 9, what is -1 + 66761?
66760
In base 12, what is -a - -298193?
298185
In base 5, what is -1040223 - -3?
-1040220
In base 16, what is -5 + -1927c?
-19281
In base 6, what is -4 + 10322032?
10322024
In base 14, what is -3 - 2b8936?
-2b8939
In base 16, what is 3 - f9c?
-f99
In base 4, what is -2301310 - 1002?
-2302312
In base 12, what is 16 - -598?
5b2
In base 15, what is 4ab5 - -48?
4b0d
In base 3, what is -20 + 22200200?
22200110
In base 11, what is 465a - -216?
4875
In base 9, what is 107041 + 0?
107041
In base 2, what is 11001 - -11101011011?
11101110100
In base 7, what is -2 + -16214?
-16216
In base 2, what is -11 + 11010001010111000?
11010001010110101
In base 4, what is -11 + -1003311?
-1003322
In base 10, what is -3119 - 25?
-3144
In base 4, what is -1110301221 - -11?
-1110301210
In base 6, what is 1 - -4132511?
4132512
In base 7, what is 36 - -63?
132
In base 6, what is 3 - 2132340?
-2132333
In base 2, what is -10011 - 10100100011011101?
-10100100011110000
In base 16, what is 5da + 4?
5de
In base 5, what is -40221020 + 10?
-40221010
In base 4, what is -20 + 101102?
101022
In base 11, what is 2 - -7691a?
76921
In base 10, what is 1575710 + 2?
1575712
In base 9, what is 0 + 23407?
23407
In base 4, what is 1130322 + -201?
1130121
In base 5, what is -43 + 13321?
13223
In base 7, what is 444 + 3103?
3550
In base 7, what is -2242 + -1012?
-3254
In base 14, what is 5 + -a333?
-a32c
In base 15, what is -3bc1 + bc?
-3b04
In base 6, what is 1 - 431234?
-431233
In base 2, what is -110001 - 100001000101?
-100001110110
In base 8, what is -33233 + 1?
-33232
In base 12, what is -2 - 25302?
-25304
In base 2, what is -10111111011111 - -1?
-10111111011110
In base 6, what is 4 - 3241043?
-3241035
In base 13, what is -8c403 - 3?
-8c406
In base 4, what is 333233 - 1333?
331300
In base 11, what is -3 - 645a?
-6462
In base 4, what is 130230100301 - 0?
130230100301
In base 7, what is -5506406 + 2?
-5506404
In base 8, what is 10046 + -216?
7630
In base 7, what is 154 - -662?
1146
In base 5, what is -1341 + 20422?
14031
In base 7, what is -4 + -614026?
-614033
In base 12, what is -11a50 + 21?
-11a2b
In base 12, what is 6a37 + -3b?
69b8
In base 8, what is 32030 + -13?
32015
In base 9, what is 6 + 15110?
15116
In base 11, what is -326 + 1116?
8a0
In base 13, what is 30 + -303?
-2a3
In base 8, what is 17215 + -625?
16370
In base 8, what is 15 + -230?
-213
In base 13, what is 7 - 3474?
-346a
In base 13, what is c - 18b0?
-18a1
In base 7, what is 14 - 52106?
-52062
In base 14, what is c015 + -1?
c014
In base 3, what is -112 - 11022110?
-11022222
In base 2, what is -110 + -10000010100110010?
-10000010100111000
In base 5, what is 201 + -211003?
-210302
In base 7, what is -2 + -336242?
-336244
In base 7, what is 14 + 4331?
4345
In base 4, what is 320 - -11203?
12123
In base 14, what is 1 - -c99c0?
c99c1
In base 13, what is 1 - -88611?
88612
In base 3, what is -110011010 + -21102?
-110102112
In base 7, what is 462246 + 35?
462314
In base 6, what is 3101 - 124?
2533
In base 4, what is -110003211313 + 0?
-110003211313
In base 5, what is -2241 - 134312?
-142103
In base 6, what is 55 + 1432?
1531
In base 13, what is 65 + 323?
388
In base 15, what is 177 - 14e?
28
In base 14, what is -236 - -34?
-202
In base 10, what is 137822 - 3?
137819
In base 3, what is -1121111021120 + -12?
-1121111021202
In base 6, what is -3 + 1433251?
1433244
In base 16, what is 125d + 4?
1261
In base 10, what is 644 + -44?
600
In base 11, what is -225 + 933?
709
In base 3, what is -2221000101011 + -1?
-2221000101012
In base 12, what is -175257 + 2?
-175255
In base 2, what is 111110001 + 100000?
1000010001
In base 2, what is -10 - -10001101110010100011?
10001101110010100001
In base 3, what is 1001 + 1000002102?
1000010110
In base 4, what is -2223333 + -333?
-2230332
In base 10, what is 551 - 4849?
-4298
In base 10, what is 3112 + -36?
3076
In base 14, what is 126 + 899?
9c1
In base 13, what is 3 - -57b7b?
57b81
In base 16, what is -4 - -5df85?
5df81
In base 9, what is 6 - -180?
186
In base 11, what is 25 - 9149?
-9124
In base 6, what is -12204235 + 5?
-12204230
In base 3, what is -20220 - 12?
-21002
In base 11, what is 2176 - -11?
2187
In base 8, what is 2 + 173706?
173710
In base 7, what is -5 - -16163064?
16163056
In base 13, what is -5 - 94bc8?
-94c00
In base 13, what is 4108 - 27?
40b1
In base 14, what is 145 + -2c?
117
In base 6, what is 43452055 - 5?
43452050
In base 11, what is 9a706 + 2?
9a708
In base 5, what is -100440 - 2330?
-103320
In base 15, what is -16ab2 + 3?
-16aae
In base 14, what is -3441 - 18?
-3459
In base 3, what is 2210111020 - -1?
2210111021
In base 12, what is 706a5 - -4?
706a9
In base 15, what is -c36 + -89?
-cc0
In base 11, what is 2 + -6067?
-6065
In base 10, what is -689 + -793?
-1482
In base 10, what is 96 - -27?
123
In base 12, what is 9b60 + -2b?
9b31
In base 11, what is -a944 + -1?
-a945
In base 11, what is 30028 - -31?
30059
In base 16, what is fd32a - 1?
fd329
In base 3, what is -11 - -1102202220122?
1102202220111
In base 10, what is 858 - -7?
865
In base 5, what is 13 + -43311?
-43243
In base 9, what is -4 - 24252?
-24256
In base 5, what is -20 - 20314?
-20334
In base 3, what is -12020221 + -1120?
-12022111
In base 8, what is 4463443 + -1?
4463442
In base 12, what is -37a3 + 13?
-3790
In base 3, what is 212122222212 - 2?
212122222210
In base 2, what is 1000000010111000111 - -10?
1000000010111001001
In base 3, what is -201 + 1202011202?
1202011001
In base 8, what is -317242 - -3?
-317237
In base 8, what is -6644 + 15?
-6627
In base 7, what is 601 - -25?
626
In base 4, what is -3102010 - -3?
-3102001
In base 13, what is -a + 314?
307
In base 13, what is -55 - -85ba?
8565
In base 10, what is 78900 + -9?
78891
In base 16, what is -1 - -3c39?
3c38
In base 15, what is -2d - 205?
-233
In base 9, what is 58218 - -27?
58246
In base 10, what is 34 - -4008?
4042
In base 4, what is -1 - 303022020?
-303022021
In base 5, what is -2420 + -302?
-3222
In base 15, what is 4 - 92a83?
-92a7e
In base 7, what is 145654 - 30?
145624
In base 5, what is -201133 - -12?
-201121
In base 16, what is 14e + -240d?
-22bf
In base 15, what is -1 + -2b62?
-2b63
In base 9, what is -51 + 138?
77
In base 12, what is -1334861 + 5?
-1334858
In base 5, what is 22032413 + 1?
22032414
In base 16, what is e366 + -5?
e361
In base 14, what is 20 - 1372?
-1352
In base 5, what is -22041 - 1?
-22042
In base 8, what is -10 + 412415?
412405
In base 3, what is 10 - -12102102?
12102112
In base 3, what is 10 - 111220011200?
-111220011120
In base 13, what is -2733 - -19?
-2717
In base 10, what is 12285 + -4?
12281
In base 13, what is 5c - -3c5?
454
In base 15, what is -1c - 106e?
-108b
In base 14, what is -144 - -2c4?
180
In base 13, what is -1c78 + -7?
-1c82
In base 8, what is -6 + 145350?
145342
In base 4, what is -10 - 111101?
-111111
In base 5, what is -11013 - 103?
-11121
In base 6, what is 11530031 - 3?
11530024
In base 15, what is -2de7 - -13?
-2dd4
In base 2, what is -10000011111000101 - -11?
-10000011111000010
In base 7, what is 1441505 + -2?
1441503
In base 13, what is 31 - 12223?
-121c2
In base 6, what is -35444102 - -5?
-35444053
In base 8, what is 24 + 4203?
4227
In base 2, what is -111110000111101111011 - -1?
-111110000111101111010
In base 9, what is -78160 + 1?
-78158
In base 9, what is 1 + 315882?
315883
In base 4, what is 1330320 - -3?
1330323
In base 7, what is -12052 - 3626?
-16011
In base 14, what is 7dc9 + d?
7dd8
In base 16, what is -3 - -7ab2?
7aaf
In base 4, what is -231122 - -211133?
-13323
In base 11, what is -27 - -331?
305
In base 12, what is 26 - 86893?
-86869
In base 3, what is 1001100222012 - 11?
1001100222001
In base 12, what is -2a + 8a87?
8a59
In base 12, what is -4 - -253612?
25360a
In base 7, what is -10 - -3026?
3016
In base 13, what is 1463 + 1a?
1480
In b